9 divide 157452457?
False
Is 23 a factor of 242805756?
True
Is 880025 a multiple of 7?
False
Is 801 a factor of 31341836?
False
Is 462000 a multiple of 88?
True
Is 151633328 a multiple of 1936?
True
Is 79763179 a multiple of 177?
False
Does 16 divide 5220936?
False
Is 387 a factor of 3606286?
False
Does 44 divide 95015218?
False
Is 796 a factor of 27890376?
False
Does 116 divide 68689697?
False
Is 1121531954 a multiple of 1125?
False
Is 75487067 a multiple of 7?
False
Does 53 divide 1689157693?
False
Is 1283279539 a multiple of 476?
False
Is 70889410 a multiple of 10?
True
Does 41 divide 5125205?
True
Is 148492 a multiple of 5?
False
Does 2959 divide 494635317?
True
Is 6336435968 a multiple of 128?
True
Does 14 divide 29211598?
False
Is 38 a factor of 586454130?
False
Is 1003509636 a multiple of 447?
True
Does 54 divide 3350681262?
True
Does 20 divide 97567180?
True
Is 92 a factor of 4463820?
False
Is 379 a factor of 26713057?
True
Is 637229 even?
False
Does 277 divide 30112701?
False
Does 49 divide 26050478?
False
Is 33865942 a multiple of 497?
False
Is 17 a factor of 62783142?
True
Does 674 divide 646980378?
False
Is 15 a factor of 955251020?
False
Is 13 a factor of 222731593?
False
Is 473 a factor of 41911221?
False
Is 98 a factor of 315838810?
True
Is 236046748 a multiple of 958?
False
Does 1846 divide 26584246?
True
Is 118 a factor of 9537114?
True
Is 189 a factor of 13280463?
True
Is 179793075 a multiple of 666?
False
Does 3704 divide 745376228?
False
Is 30739455 a multiple of 15?
True
Is 357 a factor of 457704345?
True
Is 3298 a factor of 78426440?
True
Is 34 a factor of 541990484?
False
Is 12 a factor of 47593342?
False
Does 54 divide 185237550?
True
Is 3047011366 a multiple of 2995?
False
Is 53 a factor of 18747266?
True
Is 9 a factor of 337478400?
True
Does 5147 divide 1360897682?
True
Does 4091 divide 187675156?
False
Is 7197581 a multiple of 373?
False
Is 665039096 a multiple of 94?
True
Is 15507979 a multiple of 3697?
False
Is 500 a factor of 21314431?
False
Does 167 divide 67136672?
True
Does 18 divide 37031615?
False
Is 3087 a factor of 28184876?
False
Does 8 divide 91709557?
False
Is 284809945 a multiple of 234?
False
Is 144 a factor of 516154627?
False
Is 1512 a factor of 1011477751?
False
Is 2236931268 a multiple of 11207?
False
Is 212717765 a multiple of 547?
False
Does 72 divide 1387251936?
True
Is 2869 a factor of 1135396318?
False
Does 2944 divide 150812288?
True
Is 251 a factor of 35330981?
False
Is 288 a factor of 349809827?
False
Does 245 divide 869248228?
False
Is 31 a factor of 11651227?
False
Does 130 divide 3093090390?
True
Is 231296897 a multiple of 48?
False
Is 1562514885 a multiple of 8?
False
Does 906 divide 6193376340?
False
Is 1723 a factor of 45485477?
True
Is 1284536875 a multiple of 3625?
True
Is 48 a factor of 7542384?
True
Is 47344203 a multiple of 1143?
True
Is 1289 a factor of 443183085?
False
Is 1434709692 a multiple of 108?
True
Is 125 a factor of 4106875?
True
Is 97 a factor of 4992893?
False
Is 11 a factor of 89770856?
False
Is 8056141 a multiple of 342?
False
Does 127 divide 441349130?
True
Is 1411831762 a multiple of 17?
False
Does 371 divide 117236?
True
Is 76 a factor of 3401665760?
True
Does 4 divide 16691656?
True
Is 6 a factor of 18335490?
True
Is 1335 a factor of 944168595?
False
Is 102033052 a multiple of 2068?
True
Is 153 a factor of 67261095?
True
Is 15 a factor of 44583840?
True
Is 450632588 a multiple of 3346?
True
Is 42709635 a multiple of 634?
False
Is 28124460 a multiple of 476?
True
Does 587 divide 290444150?
False
Is 3263301 a multiple of 3?
True
Is 532835572 a multiple of 22?
False
Is 21 a factor of 4184073023?
False
Is 424 a factor of 32698345?
False
Does 22 divide 12020525?
False
Is 4476256612 a multiple of 2170?
False
Is 102311546 a multiple of 4?
False
Is 1140705868 a multiple of 165?
False
Is 75 a factor of 48043275?
True
Is 15 a factor of 1752291645?
True
Is 66241504 a multiple of 448?
False
Is 4 a factor of 38775369?
False
Does 81 divide 46717884?
True
Does 10 divide 10398103?
False
Does 360 divide 438904080?
True
Is 22 a factor of 69458466?
True
Is 3 a factor of 33481093?
False
Is 230800289 a multiple of 102?
False
Is 436864462 a multiple of 11?
False
Does 479 divide 11707239?
True
Does 19 divide 1069737?
False
Is 13755655 a multiple of 179?
False
Does 13 divide 16075042?
False
Does 362 divide 53142837?
False
Is 110115187 a multiple of 83?
True
Is 283504560 a multiple of 6?
True
Is 6354541672 a multiple of 1816?
False
Is 2797 a factor of 314156243?
True
Does 122 divide 784356056?
True
Is 6076677 a multiple of 838?
False
Does 96 divide 681328497?
False
Does 2799 divide 676610667?
True
Does 1328 divide 120557168?
True
Is 644187912 a multiple of 12?
True
Does 5 divide 106724011?
False
Is 3647 a factor of 607127031?
True
Does 58 divide 352330878?
False
Does 13 divide 141828481?
False
Does 9 divide 12974011?
False
Is 19 a factor of 1169944950?
True
Is 2 a factor of 323181159?
False
Does 1735 divide 317505?
True
Is 544082140 a multiple of 10724?
True
Is 14830845 a multiple of 15?
True
Does 1914 divide 681204197?
False
Does 1063 divide 87471092?
False
Does 120 divide 22526132?
False
Is 78573957 a multiple of 693?
False
Does 14 divide 145823244?
True
Is 17140418 a multiple of 4?
False
Does 194 divide 76747370?
True
Does 8 divide 1812401032?
True
Is 480118660 a multiple of 139?
False
Does 59 divide 176160324?
False
Does 38 divide 29392620?
True
Does 129 divide 229752741?
True
Is 351 a factor of 24824475?
True
Does 21 divide 866313756?
True
Does 44 divide 18611692?
True
Does 144 divide 22883172?
False
Does 155 divide 310221805?
True
Does 11 divide 18732945?
True
Is 62803742 a multiple of 181?
True
Does 45 divide 366047010?
True
Does 101 divide 1393723038?
True
Is 43868088 a multiple of 88?
True
Is 106849271 a multiple of 10?
False
Is 858 a factor of 409239402?
True
Does 476 divide 3872923544?
True
Does 29 divide 24241593?
True
Is 24065914 a multiple of 394?
True
Is 39428423 a multiple of 19?
False
Is 25 a factor of 122575100?
True
Is 251 a factor of 27033704?
True
Is 93 a factor of 252214140?
True
Is 550 a factor of 5089927746?
False
Is 127342138 a multiple of 254?
True
Does 304 divide 25476345?
False
Is 161935088 a multiple of 259?
True
Is 3524780136 a multiple of 76?
True
Does 13 divide 172754374?
True
Is 2466943446 a multiple of 56?
False
Is 1838 a factor of 38564166?
False
Is 69891360 a multiple of 3696?
True
Is 10712650 a multiple of 2?
True
Is 5031465208 a multiple of 22?
True
Is 39 a factor of 2888902185?
True
Is 11 a factor of 208167014?
True
Is 24 a factor of 28873644?
False
Is 1331842914 a multiple of 9?
True
Is 795275493 a multiple of 4971?
True
Does 36 divide 235571?
False
Is 8268780 a multiple of 2?
True
Is 3114735 a multiple of 13?
True
Is 1282066976 a multiple of 37?
False
Is 109812776 a multiple of 191?
True
Does 29 divide 1201615?
True
Is 5993593 a multiple of 23?
True
Is 135207783 a multiple of 153?
True
Is 15365154 a multiple of 42?
True
Is 144 a factor of 1924685511?
False
Is 35473612 a multiple of 396?
False
Is 2265400314 a multiple of 34?
True
Is 3522816 a multiple of 12?
True
Is 16 a factor of 293389940?
False
Is 3587 a factor of 142613917?
False
Is 137256224 a multiple of 14?
True
Is 168433965 a multiple of 45?
True
Does 14 divide 181750478?
True
Is 22 a factor of 4690386294?
True
Does 171 divide 297503235?
True
Is 4 a factor of 10350992?
True
Does 182 divide 61095944?
True
Is 82 a factor of 2300891?
False
Is 20 a factor of 35561281?
False
Is 167 a factor of 4720923?
True
Is 631 a factor of 96023056?
True
Is 45 a factor of 88747531?
False
Does 597 divide 2235140?
False
Is 43479563 a multiple of 409?
True
Is 16 a factor of 123863872?
True
Does 21 divide 692659587?
False
Is 331 a factor of 26302584?
True
Is 6117 a factor of 1374991140?
False
Is 486507843 a multiple of 2?
False
Is 45 a factor of 1448957531?
False
Is 29848320 a multiple of 384?
True
Is 7586 a factor of 1132377392?
True
Is 46109982 a multiple of 599?
False
Is 2 a factor of 417979195?
False
Does 2187 divide 307005642?
False
Is 1433759 a multiple of 3?
False
Is 59 a factor of 8227054?
False
Does 632 divide 5220110?
False
Is 77405730 a multiple of 10?
True
Is 31 a factor of 430058815?
True
Is 5